+ 1537 + 4877. What is the thousands digit of o?
1
Suppose -4623 = -4*b - 0*b + 5*g, 9 = -3*g. What is the hundreds digit of b?
1
Let d(q) = -q**3 + 4. Let t be d(0). Suppose -4*u - 2*r = -97 - 207, t*u = -4*r + 304. What is the tens digit of u?
7
What is the units digit of (5 + 44/(-12))*(156 - -6)?
6
What is the hundreds digit of -115*(17/(-20) - (-3)/(-4))?
1
Suppose -2*a + 4*t = -556, 4*a + t = 3*a + 275. What is the units digit of a?
6
What is the hundreds digit of (3095 - -8)/((-7)/(-7))?
1
Suppose 3*v - 11 = -0*t - t, t = -v + 5. What is the units digit of 1/(v/15)*279/15?
3
Suppose -5*k + 1208 = 4*l - 0*l, 250 = k + 5*l. Suppose -p = 4*g - k - 356, 3*g = p + 447. What is the units digit of g?
9
Let f = 37 - 37. Suppose d - 2*r - 150 = 0, -2*d = -f*r + r - 275. What is the hundreds digit of d?
1
Let c = 665 - 262. What is the units digit of c?
3
Let b(c) = 3*c + 24. Suppose 2*d - 24 = -2*o, 3*o - 4*d - 3 = 5. What is the tens digit of b(o)?
4
Suppose 5 = 4*w + 33. Let h(b) = 2*b**2 - 6*b - 6. What is the tens digit of h(w)?
3
Let n(i) = 2*i**2 - 6*i - 6. Suppose 0 = 2*a + 14 - 2. Let g be ((-10)/3)/(a/9). What is the tens digit of n(g)?
1
Let g(n) = 5*n**2 - n + 3. Let m be g(-4). Let t = m - 21. What is the units digit of t?
6
Let m = 236 - -47. What is the tens digit of m?
8
Let j = -32 - -53. What is the tens digit of (120/14)/(3/j)?
6
Let n = 49 - -44. What is the units digit of n?
3
Let o = 1109 + -412. What is the tens digit of o?
9
Let h(k) = -3*k + 99. What is the tens digit of h(28)?
1
Suppose 2*r - 4*r = -4*p - 4, 0 = -r + 3*p + 2. Let y be r*1/(-2) + 12. Let l(s) = -s**3 + 11*s**2 + s + 16. What is the tens digit of l(y)?
2
Suppose -2*k - 2 = -2*q + 72, 4*k = 5*q - 144. Let g = 73 + k. What is the units digit of g?
2
Let x(u) = 3*u - 5. Let b(k) = -26*k + 14. Let n(i) = -5*i + 3. Let a(p) = -2*b(p) + 11*n(p). Let z(v) = 3*a(v) + 2*x(v). What is the units digit of z(-6)?
3
Let w = 3240 + -1864. Suppose 0*x = 8*x - w. What is the units digit of x?
2
Let u(w) = w - 4. Let k be u(13). Let s(t) = 4*t + 1 - 4*t + k - t. What is the units digit of s(9)?
1
What is the units digit of (-1)/(-2) + (15834/(-4))/(-13)?
5
Suppose 3*w - 32 = -w. Suppose -7 + w = r. What is the units digit of r?
1
Suppose -87*o = -86*o - 3*z - 1558, -5*o + 2*z = -7803. What is the tens digit of o?
6
Let b(m) = 9 - 22 + 18*m + 8 - 30. What is the units digit of b(14)?
7
Suppose 6*k = 7*k - 2. What is the tens digit of 54 + k + (8/4)/(-2)?
5
Let a be -2 + (1 - (-3 + -1)). Suppose -15 + 285 = a*x. Let t = x + -50. What is the units digit of t?
0
Let a(z) = -z**3 + 5*z**2 + 6*z + 3. Let c be a(-4). Let l = -65 + c. What is the tens digit of l?
5
Suppose -153 = -4*c + 47. Suppose c + 12 = h. What is the units digit of h?
2
Suppose 3*d + 6 = -5*l + 86, 0 = -2*d - l + 65. Suppose 5 - 17 = -4*y. Let m = d + y. What is the units digit of m?
8
Suppose -20 = 11*w - 15*w. Suppose f = 5*d - 469, -w*d + 4*f = -32 - 434. What is the units digit of d?
4
Suppose 2110 = c - y, -18*y = -3*c - 21*y + 6324. What is the tens digit of c?
0
Let m = -36 - -36. Let q(b) = -3*b + 3*b + 1 + b. What is the units digit of q(m)?
1
Suppose -3*a + 17 - 5 = 0, 74 = l - a. What is the units digit of l?
8
Let x be ((-20)/(-35))/(4/14). Suppose -5*n - s + 2*s = -1016, -x*n - 5*s = -428. What is the units digit of n?
4
Let i(x) = 4*x**3 + 9*x**2 - 5*x + 17. Let c(o) = -9*o**3 - 19*o**2 + 10*o - 34. Let t(q) = 3*c(q) + 7*i(q). What is the tens digit of t(-6)?
4
Suppose -30 = -5*u + 2*z + 202, 5*z - 20 = 0. Let w = 102 - u. Let j = -36 + w. What is the tens digit of j?
1
Let o(v) = 40*v**2 - v - 37. What is the tens digit of o(-10)?
7
Suppose 2*g = 5*y + 850, 2*y - 185 = -g + 249. Suppose 5*o - 4*x = g, -344 = -4*o + x + 2*x. What is the tens digit of o?
8
Let y = 144 - 176. What is the units digit of 1/(3/8)*(-3528)/y?
4
Let v(u) = 6*u - 56. Let z(i) = 2*i - 18. Let q(w) = -3*v(w) + 8*z(w). Let t(o) = o**3 + 6*o**2 - 7*o. Let d be t(-7). What is the tens digit of q(d)?
2
Let k = 17 + -9. Let y(r) = -r - 2*r - 2 + 5*r + k. What is the tens digit of y(4)?
1
Suppose 16 = 3*y + 4*b, 3*y - y - b = -4. Suppose i + 0*i - 83 = y. What is the tens digit of i?
8
Suppose -54 + 710 = 2*g. What is the hundreds digit of g?
3
Let q(a) = a + 4. Let v be q(0). Suppose 5*p = 2*y + 66, 2*p + v*y = -p + 50. Suppose 4*i = 70 + p. What is the units digit of i?
1
Let n(b) = -b**2 + 21*b - 13. Let d be n(9). Let h = -65 + d. What is the units digit of h?
0
What is the hundreds digit of (1 + -155)*-3*(-22)/(-12)?
8
Suppose -137 = 2*m - 3*d, -278 = 3*m + m - 2*d. Let w = 40 + m. Let c = 51 + w. What is the tens digit of c?
2
Suppose 24*b + 16*b - 61240 = 0. What is the hundreds digit of b?
5
Let j be (-2)/((-18)/9159) + 12/(-18). Suppose -5*w + 3*x = -1013, 2*x = -2*w + 7*w - j. What is the units digit of w?
5
What is the tens digit of (-9 + 7)/(18/(-20187))?
4
What is the units digit of 6/(-4)*(-21)/(126/1748)?
7
Suppose 20*n - 9 = 17*n. Suppose 3*v - n*w + 8*w - 201 = 0, 3*w = -5*v + 319. What is the tens digit of v?
6
Let t(n) = -8 - 16*n - 1 - 3 + 2. What is the units digit of t(-7)?
2
Suppose -6*v = -v - 10. Let j = 9 - v. Let x = 23 + j. What is the tens digit of x?
3
Let g(w) = w**3 - w**2 - 8*w + 4. Suppose -5*u + 31 = -2*p, -3*u - 7 = -5*u - p. What is the units digit of g(u)?
4
Let a be (73 - -1)/(-3 - -2). Let m = a - -134. What is the tens digit of m?
6
Let t be 12*(2/(-8))/((-6)/8). Suppose 3*i = b - 102, -3*b = -4*b - t*i + 123. What is the hundreds digit of b?
1
Let n(p) = 71*p - 342. What is the hundreds digit of n(51)?
2
Let o be (-9)/(-12) + 1575/12. Suppose -3*j = -o - 33. What is the units digit of j?
5
Suppose 82 = 4*a - 326. Let w = a + 89. What is the hundreds digit of w?
1
Let h(y) = -3 + 7 - 3*y - 3 - 3. Let s be h(-14). Suppose 4*r = -r + s. What is the units digit of r?
8
Let d = -5015 - -7986. What is the units digit of d?
1
Suppose 3*m = -2*h - 2, -5*h - m + 16 = -5. Let g(p) = 29*p - 14. What is the tens digit of g(h)?
3
Let o = 82 + -152. Suppose 2*l + 2 = 218. Let c = l + o. What is the units digit of c?
8
Let d = 7 + 25. Suppose 0 = 35*x - d*x - 96. What is the tens digit of x?
3
Suppose -3*y + 3 = -0*y, j - 4*y = -2. Let o = -1 + j. What is the tens digit of (0 + o)*3*11?
3
Let y(z) = -7*z**3 - 2*z**2 + 26*z + 104. What is the units digit of y(-6)?
8
Suppose -2*a - 3 = -9. Suppose 4*c + 4*g - 51 = 105, -a*g + 43 = c. What is the tens digit of c?
3
Suppose 2*c = c - 4. Let i = c - -6. Suppose 3*s - 5 = -3*y + 55, 5*s - 28 = -i*y. What is the units digit of y?
4
Let k be (-36)/(-4) + 3 + -6. Let n(a) = 2*a**2 - 3*a - 8. What is the units digit of n(k)?
6
Suppose -3 = 4*u - 19. Let s(o) = -o + 2*o - u*o - 2 - 2. What is the units digit of s(-9)?
3
What is the units digit of 438/511 - (-3404)/14?
4
Suppose 0 = -5*a - 4 - 206. Let d be (-24)/18*a/4. What is the tens digit of d - 2/(-4)*6?
1
Let h(d) = d**2 + d + 2. Let x be -2*1*(-18)/(-12). Let f be h(x). Suppose -f*b + 7*b = -8. What is the units digit of b?
8
Let g be 46/(-3) + (-6)/9. Suppose n + 20 + 27 = 0. Let h = g - n. What is the units digit of h?
1
Let o = 497 - 24. What is the hundreds digit of o?
4
What is the units digit of 5 + (4 - (-476)/1)?
5
Suppose 62*l = 97*l - 82565. What is the thousands digit of l?
2
Let k = -1 + 6. Suppose -5*v - 8 = -4*i - 6*v, 25 = k*i + 5*v. Let z(j) = 5*j**2 + 3*j - 2. What is the units digit of z(i)?
6
Let t = 40 + -63. Let n = 85 - t. What is the units digit of n?
8
Let d = -133 - -215. What is the units digit of d?
2
Let a(p) = -p**3 + 34*p**2 + 78*p + 47. What is the units digit of a(36)?
3
Let w(i) = 63*i + 149. What is the tens digit of w(18)?
8
Let u = -5 + 29. Suppose 2*p + 5*d + 7 = 0, 6*p - 4*d - u = 3*p. Suppose -p*c - 112 = 3*o - 5*o, 4*o - 230 = 2*c. What is the units digit of o?
8
Let z be 6/12 + (-6)/(-4). Let l = 6 - z. Suppose -4*m - 2*x = -96, l*m - 2*x = 22 + 74. What is the tens digit of m?
2
Suppose -3*o + 3*u - 48 = -0*u, -3*o + 4*u - 48 = 0. Let j be o/(-56) + (-19)/(-7). What is the tens digit of (-138)/(-9) + 2/j?
1
Suppose t + 0*t = 4*l + 462, 4*l + 450 = -5*t. Let c = 202 + l. What is the units digit of c?
7
Let w be (1/(-2))/(13/(-208)). Let p(v) = 4*v + 2. Let g be 